{"id":122,"date":"2016-05-03T19:32:46","date_gmt":"2016-05-03T17:32:46","guid":{"rendered":"http:\/\/alexandrahoef.com\/?page_id=122"},"modified":"2025-08-04T22:17:25","modified_gmt":"2025-08-04T20:17:25","slug":"behandlungvonkindernneugeborenenhomoeopathie","status":"publish","type":"page","link":"https:\/\/www.alexandrahoef.com\/hofheim\/behandlungvonkindernneugeborenenhomoeopathie","title":{"rendered":"Behandlung von Kindern \/ Neugeborenen"},"content":{"rendered":"<h1>Klassische Hom\u00f6opathie f\u00fcr Babys und gr\u00f6\u00dfere Kinder<\/h1>\n<p><a href=\"http:\/\/blog.sanfter-heilen.de\/wp-content\/uploads\/2013\/01\/behandlung-kinder.jpg\" target=\"_blank\" rel=\"noopener\"><img loading=\"lazy\" decoding=\"async\" class=\"wp-image-71 alignright\" src=\"http:\/\/blog.sanfter-heilen.de\/wp-content\/uploads\/2013\/01\/behandlung-kinder.jpg\" alt=\"behandlung-kinder\" width=\"270\" height=\"179\" \/><\/a>Bei meinen Patienten beginnt die hom\u00f6opathische Behandlung ihrer Kinder bestenfalls bereits im Mutterleib. Denn schon Samuel Hahnemann schrieb im Organon (Gesetzbuch der Hom\u00f6opathie), dass jede schwangere Frau hom\u00f6opathisch behandelt werden sollte, da diese Behandlung sich auf das Kind positiv \u00fcbertr\u00e4gt.<\/p>\n<p>Wie bei den Erwachsenen wird das hom\u00f6opathische Arzneimittel aufgrund der Symptome herausgesucht. Die Behandlung startet sozusagen mit der Erstanamnese, so dass ich mir einen Eindruck von dem Kind und seinen Verhaltensweisen und Reaktionen auf verschiedene Umst\u00e4nde machen kann. Eine hom\u00f6opathische Behandlung ist in akuten sowie auch in chronischen F\u00e4llen m\u00f6glich.<\/p>\n<p>Die Arbeit mit Kindern macht mir immens viel Spa\u00df. Sie sind in den allermeisten F\u00e4llen sehr unbelastet, und K\u00f6rper und Seele reagieren gut auf die Hom\u00f6opathie.<\/p>\n<p>Wenn Sie n\u00e4here Informationen \u00fcber den Ablauf einer Anamnese erhalten m\u00f6chten, k\u00f6nnen Sie mich gerne kontaktieren.<\/p>\n<h2>Fieberhafte Infekte<\/h2>\n<p>Fiebernde Kinder sollten in jedem Fall \u00e4rztlich untersucht werden. Fieber ist eine nat\u00fcrliche Reaktion des K\u00f6rpers auf Bakterien oder Viren und sollte nicht direkt unterdr\u00fcckt werden. Wenn man bedenkt, dass viele Menschen jahrelang Fieberreaktionen des Immunsystems unterdr\u00fccken, irgendwann an einer schlimmeren Krankheit wie Krebs erkranken und dann das Fieber k\u00fcnstlich erzeugt wird, um den Krebs wieder zu heilen. Dann d\u00fcrfte einem bewusst werden, dass da irgendetwas nicht stimmen kann. Versuchen Sie immer Zumutbares zuzulassen um Unzumutbares zu vermeiden.<\/p>\n<h2>Operative Entfernung der Polypen<\/h2>\n<p>Sollten Sie sich mit folgenden Fragen auseinandersetzen, k\u00f6nnen Sie gerne mit mir Kontakt aufnehmen:<\/p>\n<ul>\n<li>Bei meinem Kind sollen die Polypen entfernt werden&#8230; wir m\u00f6chten aber keine Operation&#8230; was sollen wir tun?<\/li>\n<li>Ab welchem Alter macht eine Operation wirklich Sinn?<\/li>\n<li>K\u00f6nnen Polypen nachwachsen?<\/li>\n<li>Was kann man zus\u00e4tzlich tun, um evtl. eine Operation zu vermeiden?<\/li>\n<\/ul>\n<h2>Reaktionen nach Impfungen<\/h2>\n<p>Auftretende Reaktionen nach Impfungen wie Unruhe, Fieber oder akute Reaktionen an der Einstichstelle sind meist hom\u00f6opathisch gut zu behandeln. Eine begleitende hom\u00f6opathische Behandlung w\u00e4hrend weiterer Impfungen ist in jedem Fall empfehlenswert.<\/p>\n<h2>Wie bleibt mein Kind gesund?<\/h2>\n<p>In der heutigen Zeit geht es nicht nur darum Krankheiten zu heilen oder zu lindern, sondern einen Weg zu finden, der unseren Kindern hilft \u2013 gesund zu bleiben! Gerne berate ich Sie hierzu ausf\u00fchrlich.<\/p>\n<h2>Energiearbeit f\u00fcr Kinder<\/h2>\n<p>Meist begleitend zur Hom\u00f6opathie kommen Kinder aller Altersstufen zu \u201eBasics for Life\u201c- oder \u201eLeben in Leichtigkeit\u201c-Sitzungen in meine Praxis. So ist es z.B. gut m\u00f6glich, mit Neugeborenen zu arbeiten, die gerade gestillt werden oder auch schlafen. Selbst Kindergartenkinder, die oft sehr ruhelos sind, verhalten sich in den Sitzungen recht ruhig oder schlafen sogar ein.<\/p>\n<p>Sobald ein Kind kognitiv in der Lage ist, zu erleben, was mit ihm geschieht, wird das zu bearbeitende Thema gemeinsam mit dem Kind definiert. N\u00e4here Informationen zur Energiearbeit finden Sie\u00a0<a href=\"http:\/\/alexandrahoef.com\/energiearbeit-vesseling\" target=\"_blank\" rel=\"noopener noreferrer\"><b>hier\u2026<\/b><\/a><\/p>\n<h2>Energiereisen f\u00fcr Kinder<\/h2>\n<p>Kinder ab ca. 8 Jahren k\u00f6nnen bei einer Energiereise mitmachen.<br \/>\nWenn unsere Kinder auf die Welt kommen, besteht ihre Seele nur aus Licht. Sobald sie beginnen, sich mit den irdischen Dingen auseinanderzusetzen, seien es Nahrungsmittel oder soziale Verhaltensweisen, kann sich dies leider manchmal \u00e4ndern. Manche Kinder haben nur in den ersten 3 Monaten Koliken und sind danach emotional im Gleichgewicht, andere zeigen sp\u00e4ter Auff\u00e4lligkeiten wie Konzentrationsst\u00f6rungen oder Unruhezust\u00e4nde. Interessanterweise k\u00f6nnen Kinder durch viel Bewegung ihren Lichtk\u00f6rper wieder reinigen \u2013 deswegen ist es f\u00fcr sie manchmal kaum auszuhalten, l\u00e4ngere Zeit ruhig zu sitzen. Kein Wunder, wenn sie so ihr Licht wieder herstellen k\u00f6nnen (nat\u00fcrlich ganz davon abgesehen, dass Bewegung auch f\u00fcr viele andere Dinge sehr gut ist).<\/p>\n<p>In letzter Zeit werde ich immer wieder von Eltern angesprochen, dass die Kinder verschiedene \u00c4ngste oder auch Widerst\u00e4nde entwickeln und sich in der Welt voller Anforderungen einfach sehr schwer tun. Ein Teil f\u00e4llt in der Schule auf, andere entwickeln k\u00f6rperliche Symptome wie Bauch-, Kopfschmerzen oder auch Allergien.<br \/>\nMit der Energiereise k\u00f6nnen Kinder ihre Widerst\u00e4nde im Leben bearbeiten und die dadurch gebundene Energie kann wieder frei flie\u00dfen. An diesem Nachmittag haben die Kinder die M\u00f6glichkeit, dass f\u00fcr sie momentan schwierigste Thema energetisch anzugehen. Die L\u00f6sung hierf\u00fcr ist viel einfacher als sie denken!<\/p>\n<p>Die Kinder ben\u00f6tigen f\u00fcr die Energiereise einen Stein und eine Decke.<\/p>\n<p>Die Termine finden Sie\u00a0<a href=\"http:\/\/alexandrahoef.com\/termine\">hier.<\/a><\/p>\n<h3><strong>Hat Ihr Kind Konzentrationsst\u00f6rungen?<\/strong><\/h3>\n<p>Manchen Kindern f\u00e4llt es schwer, sich l\u00e4ngere Zeit zu konzentrieren \u2013 sie wollen lieber spielen, sich bewegen, jedenfalls nicht still sitzen. F\u00fcr solche Kinder biete ich den Kurs an \u201eLernen, wie man lernt\u201c.<\/p>\n<p>Die Lehrinhalte sind:<\/p>\n<p>+ Konzentrations\u00fcbungen<br \/>\n+ Tipps, wie das Erlernte leichter wieder abgerufen werden kann<br \/>\n+ Tipps, wie leichter Fehler im Diktat gefunden werden k\u00f6nnen<\/p>\n<p>Wenn das Kind an schweren Konzentrationsst\u00f6rungen leidet, ist es empfehlenswert, es hom\u00f6opathisch zu unterst\u00fctzen. Weitere Informationen siehe Hom\u00f6opathie. Oft sind es auch seelische Blockaden, die das Kind `geistig abwesend\u00b4 sein lassen \u2013 dann ist es von gro\u00dfem Nutzen, diese Blockaden aufzul\u00f6sen. N\u00e4heres siehe Leben in Leichtigkeit.<\/p>\n<p>Der n\u00e4chste \u201eLernen wie man lernt\u201c-Kurs findet im September 2014 an 2 Terminen a 4 Stunden statt. Die beiden Termine k\u00f6nnen nur gemeinsam gebucht werden, da sie aufeinander aufbauen und beide Teile wichtig sind, um den Kurs mit den Kindern hinterher durchf\u00fchren zu k\u00f6nnen.<\/p>\n<p>Alternativ k\u00f6nnen auch die Kinder selbst an 5 Terminen a 1,5 Stunden kommen.\u00a0 Termine hierzu bitte individuell mit mir abstimmen.<\/p>\n<h3><strong>Legasthenie<\/strong><\/h3>\n<p>Viele Kinder, die unter Legasthenie leiden, haben die F\u00e4higkeit, sekundenschnell eine bildliche Vorstellung von allem zu haben, was sie denken. Dies geschieht schneller als das Lesen oder Schreiben.<br \/>\n\u00dcbrigens war auch Johann Wolfgang von Goethe Legastheniker, er hatte deshalb einen Schreiber. Hier ein Auszug, was Goethe von sich selbst sagte:<\/p>\n<blockquote><p>\u201eIch bin niemals zerstreuter, als wenn ich mit eigener Hand schreibe: Denn weil die Feder nicht so geschwind l\u00e4uft als ich denke, so schreibe ich oft den Schlussbuchstaben des folgenden Wortes ehe das Erste noch zu Ende ist \u2026\u201c<\/p><\/blockquote>\n<p>Legasthenie kann sich in manchen F\u00e4llen als emotionale Blockade entpuppen und eventuell \u00fcber Sitzungen \u201eLeben in Leichtigkeit\u201c gel\u00f6st werden. Wenn das Thema noch tiefer sitzt, ist es wichtig, dass die Kinder in jedem Fall weitere Hilfsmittel an die Hand bekommen.<\/p>\n<p>Bei Fragen, freue ich mich \u00fcber Ihren Anruf!<\/p>\n<p>Alexandra H\u00f6f<\/p>\n","protected":false},"excerpt":{"rendered":"<p>Klassische Hom\u00f6opathie f\u00fcr Babys und gr\u00f6\u00dfere Kinder Bei meinen Patienten beginnt die hom\u00f6opathische Behandlung ihrer Kinder bestenfalls bereits im Mutterleib. Denn schon Samuel Hahnemann schrieb im Organon (Gesetzbuch der Hom\u00f6opathie), dass jede schwangere Frau hom\u00f6opathisch behandelt werden sollte, da diese Behandlung sich auf das Kind positiv \u00fcbertr\u00e4gt. Wie bei den Erwachsenen wird das hom\u00f6opathische Arzneimittel [&hellip;]<\/p>\n","protected":false},"author":1,"featured_media":0,"parent":0,"menu_order":0,"comment_status":"closed","ping_status":"closed","template":"","meta":{"footnotes":""},"class_list":["post-122","page","type-page","status-publish","hentry"],"_links":{"self":[{"href":"https:\/\/www.alexandrahoef.com\/hofheim\/wp-json\/wp\/v2\/pages\/122","targetHints":{"allow":["GET"]}}],"collection":[{"href":"https:\/\/www.alexandrahoef.com\/hofheim\/wp-json\/wp\/v2\/pages"}],"about":[{"href":"https:\/\/www.alexandrahoef.com\/hofheim\/wp-json\/wp\/v2\/types\/page"}],"author":[{"embeddable":true,"href":"https:\/\/www.alexandrahoef.com\/hofheim\/wp-json\/wp\/v2\/users\/1"}],"replies":[{"embeddable":true,"href":"https:\/\/www.alexandrahoef.com\/hofheim\/wp-json\/wp\/v2\/comments?post=122"}],"version-history":[{"count":10,"href":"https:\/\/www.alexandrahoef.com\/hofheim\/wp-json\/wp\/v2\/pages\/122\/revisions"}],"predecessor-version":[{"id":1716,"href":"https:\/\/www.alexandrahoef.com\/hofheim\/wp-json\/wp\/v2\/pages\/122\/revisions\/1716"}],"wp:attachment":[{"href":"https:\/\/www.alexandrahoef.com\/hofheim\/wp-json\/wp\/v2\/media?parent=122"}],"curies":[{"name":"wp","href":"https:\/\/api.w.org\/{rel}","templated":true}]}}