{"id":568,"date":"2017-02-18T16:03:16","date_gmt":"2017-02-18T14:03:16","guid":{"rendered":"http:\/\/alexandrahoef.com\/?page_id=568"},"modified":"2020-02-05T23:16:54","modified_gmt":"2020-02-05T21:16:54","slug":"wahre-heilung-ist-moeglich-klassische-homoeopathie","status":"publish","type":"page","link":"https:\/\/www.alexandrahoef.com\/hofheim\/wahre-heilung-ist-moeglich-klassische-homoeopathie","title":{"rendered":"Buchbestellung Wahre Heilung ist m\u00f6glich!"},"content":{"rendered":"<p>\u00dcber das nachfolgende Formular k\u00f6nnen Sie mein Buch: &#8222;Wahre Heilung ist m\u00f6glich &#8211;&nbsp;Klassische Hom\u00f6opathie&#8220; bestellen.<\/p>\n<p><a href=\"http:\/\/www.alexandrahoef.com\/wp-content\/uploads\/2017\/12\/Bildschirmfoto-2017-12-06-um-10.51.10.png\"><img loading=\"lazy\" decoding=\"async\" class=\"size-medium wp-image-725 aligncenter\" src=\"http:\/\/www.alexandrahoef.com\/wp-content\/uploads\/2017\/12\/Bildschirmfoto-2017-12-06-um-10.51.10-198x300.png\" alt=\"Hofheim am Taunus Main Taunus Kreis\" width=\"198\" height=\"300\" srcset=\"https:\/\/www.alexandrahoef.com\/wp-content\/uploads\/2017\/12\/Bildschirmfoto-2017-12-06-um-10.51.10-198x300.png 198w, https:\/\/www.alexandrahoef.com\/wp-content\/uploads\/2017\/12\/Bildschirmfoto-2017-12-06-um-10.51.10.png 519w\" sizes=\"auto, (max-width: 198px) 100vw, 198px\" \/><\/a><\/p>\n<p>Ich freue mich \u00fcber Ihr Interesse.<\/p>\n<p>Ihre Heilpraktikerin<\/p>\n<p>Alexandra H\u00f6f<\/p>\n","protected":false},"excerpt":{"rendered":"<p>\u00dcber das nachfolgende Formular k\u00f6nnen Sie mein Buch: &#8222;Wahre Heilung ist m\u00f6glich &#8211;&nbsp;Klassische Hom\u00f6opathie&#8220; bestellen. Ich freue mich \u00fcber Ihr Interesse. Ihre Heilpraktikerin Alexandra H\u00f6f<\/p>\n","protected":false},"author":1,"featured_media":0,"parent":0,"menu_order":0,"comment_status":"closed","ping_status":"closed","template":"","meta":{"footnotes":""},"class_list":["post-568","page","type-page","status-publish","hentry"],"_links":{"self":[{"href":"https:\/\/www.alexandrahoef.com\/hofheim\/wp-json\/wp\/v2\/pages\/568","targetHints":{"allow":["GET"]}}],"collection":[{"href":"https:\/\/www.alexandrahoef.com\/hofheim\/wp-json\/wp\/v2\/pages"}],"about":[{"href":"https:\/\/www.alexandrahoef.com\/hofheim\/wp-json\/wp\/v2\/types\/page"}],"author":[{"embeddable":true,"href":"https:\/\/www.alexandrahoef.com\/hofheim\/wp-json\/wp\/v2\/users\/1"}],"replies":[{"embeddable":true,"href":"https:\/\/www.alexandrahoef.com\/hofheim\/wp-json\/wp\/v2\/comments?post=568"}],"version-history":[{"count":22,"href":"https:\/\/www.alexandrahoef.com\/hofheim\/wp-json\/wp\/v2\/pages\/568\/revisions"}],"predecessor-version":[{"id":958,"href":"https:\/\/www.alexandrahoef.com\/hofheim\/wp-json\/wp\/v2\/pages\/568\/revisions\/958"}],"wp:attachment":[{"href":"https:\/\/www.alexandrahoef.com\/hofheim\/wp-json\/wp\/v2\/media?parent=568"}],"curies":[{"name":"wp","href":"https:\/\/api.w.org\/{rel}","templated":true}]}}